ctors of 3447966821.
13, 401, 661417
List the prime factors of 1695074336.
2, 52971073
What are the prime factors of 576212869?
107, 661, 8147
What are the prime factors of 3377598514?
2, 83, 1951, 10429
List the prime factors of 70124638.
2, 827, 42397
What are the prime factors of 2977642267?
59, 179, 281947
List the prime factors of 993584.
2, 62099
List the prime factors of 126511371.
3, 7, 53, 37889
List the prime factors of 27825501.
3, 11, 83, 10159
List the prime factors of 996369407.
11, 23, 149, 26431
What are the prime factors of 93956817?
3, 23, 1153, 1181
What are the prime factors of 2021262469?
1021, 1979689
List the prime factors of 609783439.
21757, 28027
What are the prime factors of 630275871?
3, 37, 1609, 3529
What are the prime factors of 4907610378?
2, 3, 11, 24785911
What are the prime factors of 128657543?
7, 29, 633781
What are the prime factors of 13257700?
2, 5, 233, 569
List the prime factors of 959679309.
3, 59, 191, 28387
What are the prime factors of 1027175178?
2, 3, 171195863
List the prime factors of 1555480135.
5, 11, 28281457
List the prime factors of 402926.
2, 29, 6947
List the prime factors of 348403066.
2, 11, 17, 857, 1087
List the prime factors of 64494112.
2, 2015441
List the prime factors of 807339306.
2, 3, 569, 236479
List the prime factors of 18306025.
5, 17, 19, 2267
What are the prime factors of 1056716082?
2, 3, 3229, 18181
What are the prime factors of 28761213?
3, 13, 41, 17987
What are the prime factors of 336073889?
83, 163, 24841
What are the prime factors of 301058747?
11, 27368977
List the prime factors of 78110470.
2, 5, 83, 94109
List the prime factors of 97016274.
2, 3, 2027, 2659
What are the prime factors of 54693054?
2, 3, 13, 47, 4973
List the prime factors of 108233672.
2, 13529209
List the prime factors of 407327668.
2, 11, 9257447
What are the prime factors of 43028298?
2, 3, 79, 30259
What are the prime factors of 5000346414?
2, 3, 7, 5669327
What are the prime factors of 257788952?
2, 17, 1895507
What are the prime factors of 396473320?
2, 5, 17, 34297
List the prime factors of 18595787.
7, 457, 5813
What are the prime factors of 779583439?
419, 1860581
What are the prime factors of 202193306?
2, 7, 431, 4787
List the prime factors of 423665956.
2, 7, 41, 52721
What are the prime factors of 289862258?
2, 7, 20704447
What are the prime factors of 17920463?
11, 29, 5107
List the prime factors of 252154668.
2, 3, 21012889
List the prime factors of 99565690.
2, 5, 7, 1422367
List the prime factors of 1064562416.
2, 66535151
What are the prime factors of 26447854?
2, 13223927
List the prime factors of 14365603.
7, 97, 21157
What are the prime factors of 234070326?
2, 3, 7, 1857701
What are the prime factors of 767671781?
767671781
List the prime factors of 52350418.
2, 26175209
List the prime factors of 125414025.
3, 5, 11, 152017
List the prime factors of 345671399.
103, 1553, 2161
What are the prime factors of 631784057?
71, 8898367
What are the prime factors of 25545204?
2, 3, 709589
List the prime factors of 3167376249.
3, 16993, 62131
What are the prime factors of 112442933?
131, 733, 1171
What are the prime factors of 604793582?
2, 11257, 26863
List the prime factors of 572411430.
2, 3, 5, 6360127
What are the prime factors of 714318145?
5, 571, 250199
What are the prime factors of 3546973655?
5, 31, 1129, 20269
What are the prime factors of 2273621673?
3, 757873891
What are the prime factors of 90905965?
5, 127, 143159
List the prime factors of 46078534.
2, 17, 19, 71329
List the prime factors of 112338574.
2, 56169287
List the prime factors of 334628312.
2, 2621, 15959
List the prime factors of 139187988.
2, 3, 3866333
What are the prime factors of 286805614?
2, 31, 43, 179, 601
What are the prime factors of 4500421?
37, 121633
List the prime factors of 17951766.
2, 3, 7, 427423
What are the prime factors of 425347178?
2, 212673589
List the prime factors of 718220288.
2, 41, 17107
List the prime factors of 15088297.
7, 73, 29527
What are the prime factors of 207778513?
73, 101, 28181
List the prime factors of 1257388217.
1257388217
List the prime factors of 1199488169.
11, 29, 41, 91711
List the prime factors of 357608121.
3, 13, 9169439
What are the prime factors of 27818143?
1597, 17419
List the prime factors of 5468255.
5, 13, 84127
What are the prime factors of 6446736571?
11, 167, 3509383
What are the prime factors of 107366283?
3, 19, 47, 61, 73
What are the prime factors of 626854038?
2, 3, 31, 3370183
List the prime factors of 247298164.
2, 971, 63671
What are the prime factors of 336871828?
2, 37, 59, 173, 223
What are the prime factors of 4028383?
311, 12953
What are the prime factors of 2242484519?
11, 19, 71, 151121
List the prime factors of 146749507.
359, 408773
What are the prime factors of 32496688?
2, 7, 19, 15271
What are the prime factors of 582040642?
2, 19, 15316859
List the prime factors of 705387.
3, 23, 10223
What are the prime factors of 735930718?
2, 59, 61, 102241
List the prime factors of 44828735.
5, 7, 1280821
What are the prime factors of 344076931?
11, 2843611
List the prime factors of 358212770.
2, 5, 151, 157, 1511
List the prime factors of 1492191684.
2, 3, 311, 133279
List the prime factors of 149612538.
2, 3, 373, 66851
List the prime factors of 127258779.
3, 42419593
List the prime factors of 1451852449.
269, 5397221
List the prime factors of 3184092332.
2, 796023083
What are the prime factors of 8715061350?
2, 3, 5, 717289
What are the prime factors of 2294947001?
2294947001
List the prime factors of 2569091910.
2, 3, 5, 7, 11, 47, 23663
What are the prime factors of 98533390?
2, 5, 1321, 7459
What are the prime factors of 143518806?
2, 3, 53, 150439
What are the prime factors of 58836808?
2, 37, 197, 1009
List the prime factors of 429723649.
2659, 161611
List the prime factors of 349285879.
241, 1449319
List the prime factors of 102455597.
41, 467, 5351
What are the prime factors of 93836726?
2, 419, 111977
List the prime factors of 49924539.
3, 7, 31, 8521
List the prime factors of 3631438966.
2, 25183, 72101
What are the prime factors of 1926415143?
3, 83, 286541
What are the prime factors of 205444381?
29, 409, 17321
List the prime factors of 1576018764.
2, 3, 19, 89, 25889
List the prime factors of 705110506.
2, 151, 2334803
List the prime factors of 64742488.
2, 8092811
What are the prime factors of 56878010?
2, 5, 7, 53, 15331
List the prime factors of 122856382.
2, 11, 17, 29863
List the prime factors of 66596705.
5, 7, 1902763
What are the prime factors of 1796695422?
2, 3, 17, 107, 164623
List the prime factors of 3693804148.
2, 3221, 286697
List the prime factors of 265929978.
2, 3, 3407, 13009
What are the prime factors of 38128559?
7, 5446937
List the prime factors of 4106610503.
4106610503
List the prime factors of 733806722.
2, 11, 2383, 13997
What are the prime factors of 1221609965?
5, 41, 5959073
List the prime factors of 850361685.
3, 5, 1889, 30011
List the prime factors of 790821978.
2, 3, 131803663
List the prime factors of 32885803.
17, 1934459
List the prime factors of 904783622.
2, 17, 167, 159349
What are the prime factors of 203124116?
2, 13, 109, 35837
What are the prime factors of 1535564?
2, 383891
What are the prime factors of 77178907?
13, 349, 17011
What are the prime factors of 79973935?
5, 15994787
List the prime factors of 1008688724.
2, 41, 6150541
List the prime factors of 5514171333.
3, 11, 557, 299993
List the prime factors of 543930704.
2, 3137, 10837
What are the prime factors of 90385628?
2, 22596407
List the prime factors of 2194366274.
2, 263, 4171799
List the prime factors of 509223229.
509223229
List the prime factors of 22614578.
2, 7, 230761
List the prime factors of 467767597.
11, 17, 269, 547
List the prime factors of 80582359.
11, 13, 103, 5471
What are the prime factors of 57559184?
2, 3597449
What are the prime factors of 73552035?
3, 5, 1301, 3769
List the prime factors of 45702656.
2, 23, 3881
What are the prime factors of 466702607?
7, 43, 31643
List the prime factors of 639655255.
5, 127931051
What are the prime factors of 280742262?
2, 3, 31, 1509367
What are the prime factors of 630865732?
2, 7, 2113, 10663
What are the prime factors of 30784351?
13, 19, 124633
What are 